609?
True
Does 498 divide 5743932?
True
Is 211204 a multiple of 28?
True
Is 3048300 a multiple of 100?
True
Is 7 a factor of 12726?
True
Does 338 divide 2195871?
False
Is 8671126 a multiple of 88?
False
Is 1593164 a multiple of 23?
True
Does 3 divide 89317?
False
Is 911496 a multiple of 12?
True
Is 257 a factor of 1313270?
True
Is 864039 a multiple of 33?
True
Is 2515853 a multiple of 155?
False
Does 2 divide 11430?
True
Is 50 a factor of 3499981?
False
Does 589 divide 11427455?
False
Is 55278 a multiple of 37?
True
Is 6056527 a multiple of 1707?
False
Is 525650 a multiple of 36?
False
Is 117495 a multiple of 14?
False
Does 19 divide 1914402?
True
Is 53978 a multiple of 174?
False
Does 682 divide 8024592?
False
Is 24 a factor of 3267408?
True
Is 4 a factor of 95332?
True
Is 11498 a multiple of 2?
True
Does 119 divide 50813?
True
Is 25 a factor of 10726475?
True
Does 127 divide 72771?
True
Is 15 a factor of 209070?
True
Is 13 a factor of 47437?
True
Is 15 a factor of 745635?
True
Is 14 a factor of 444822?
True
Is 426732 a multiple of 365?
False
Is 12 a factor of 443448?
True
Is 308620 a multiple of 260?
True
Is 139260 a multiple of 330?
True
Does 5 divide 4582742?
False
Is 567136 a multiple of 16?
True
Is 42 a factor of 4374743?
False
Does 202 divide 1584853?
False
Does 147 divide 665763?
True
Is 94857 even?
False
Does 112 divide 328976?
False
Is 17215499 a multiple of 39?
False
Is 52171 a multiple of 107?
False
Is 89 a factor of 74226?
True
Is 10 a factor of 810?
True
Does 7 divide 957593?
True
Does 476 divide 1341407?
False
Is 143 a factor of 111540?
True
Does 1210 divide 8646660?
True
Is 148 a factor of 2368582?
False
Does 112 divide 951776?
True
Is 621448 a multiple of 66?
False
Does 71 divide 224339?
False
Is 232560 a multiple of 170?
True
Is 1886421 a multiple of 87?
True
Does 48 divide 600506?
False
Is 15 a factor of 1830945?
True
Is 268 a factor of 5750338?
False
Is 357 a factor of 27282975?
False
Does 420 divide 638820?
True
Is 842 a factor of 1220554?
False
Is 2158308 a multiple of 4?
True
Does 219 divide 191817?
False
Is 791 a factor of 7463876?
True
Is 153 a factor of 347463?
True
Is 6715 a multiple of 17?
True
Is 18 a factor of 153468?
True
Does 108 divide 210288?
False
Does 63 divide 357714?
True
Is 956249 a multiple of 75?
False
Is 383631 a multiple of 7?
False
Is 19422610 a multiple of 82?
False
Does 59 divide 662506?
False
Is 1393064 a multiple of 23?
True
Does 550 divide 826923?
False
Is 55065 a multiple of 3?
True
Is 122 a factor of 1169004?
True
Is 209 a factor of 2318437?
True
Is 31836 a multiple of 14?
True
Does 102 divide 29580?
True
Is 1617975 a multiple of 51?
True
Does 38 divide 5662646?
True
Is 118733 a multiple of 17?
False
Is 17764 a multiple of 78?
False
Is 322949 a multiple of 2?
False
Does 54 divide 126900?
True
Is 5013616 a multiple of 534?
False
Is 661284 a multiple of 81?
True
Does 30 divide 3172252?
False
Does 11 divide 88491?
False
Is 2455085 a multiple of 95?
True
Is 4 a factor of 758?
False
Is 8477016 a multiple of 290?
False
Is 37900 a multiple of 164?
False
Is 183833 a multiple of 6?
False
Is 159681 a multiple of 101?
True
Does 67 divide 217887?
False
Is 53 a factor of 3891879?
False
Is 20 a factor of 612880?
True
Does 155 divide 14407?
False
Is 5196114 a multiple of 33?
True
Is 2460 a multiple of 12?
True
Does 12 divide 13765?
False
Does 26 divide 212784?
True
Is 56567 a multiple of 22?
False
Does 1214 divide 16674787?
False
Is 738 a factor of 16515702?
True
Is 49920 a multiple of 24?
True
Is 45828 a multiple of 228?
True
Is 22 a factor of 308352?
True
Does 18 divide 635869?
False
Is 3722760 a multiple of 72?
True
Does 30 divide 177792?
False
Is 75 a factor of 110400?
True
Is 40844 a multiple of 4?
True
Does 29 divide 516647?
False
Is 15 a factor of 1157465?
False
Is 4659345 a multiple of 423?
True
Is 37 a factor of 4316986?
False
Does 21 divide 110435?
False
Is 31032 a multiple of 9?
True
Does 11 divide 8202?
False
Does 187 divide 2544623?
False
Does 23 divide 456251?
True
Is 19425676 a multiple of 19?
True
Does 14 divide 3956586?
False
Is 110 a factor of 35450?
False
Does 197 divide 1847466?
True
Does 30 divide 314070?
True
Is 602 a factor of 23478?
True
Is 5744097 a multiple of 595?
False
Does 38 divide 283710?
False
Does 26 divide 3149606?
False
Is 42 a factor of 134904?
True
Is 67320 a multiple of 561?
True
Is 21 a factor of 65125?
False
Does 7 divide 1444464?
True
Does 7 divide 239734?
False
Is 345930 a multiple of 20?
False
Is 61 a factor of 1989637?
True
Is 59230 a multiple of 25?
False
Is 3 a factor of 40712?
False
Is 4626258 a multiple of 579?
False
Is 5147652 a multiple of 298?
True
Does 118 divide 8099166?
True
Does 1316 divide 3015307?
False
Does 10 divide 1327773?
False
Does 33 divide 146817?
True
Does 22 divide 3662223?
False
Does 120 divide 56363?
False
Is 256425 a multiple of 263?
True
Is 6903472 a multiple of 16?
True
Is 358 a factor of 962361?
False
Does 160 divide 220394?
False
Is 905814 a multiple of 819?
True
Does 67 divide 168771?
False
Is 868605 a multiple of 298?
False
Is 18 a factor of 600192?
True
Does 7 divide 529893?
True
Is 1413084 even?
True
Is 1143 a factor of 544068?
True
Is 79933 a multiple of 273?
False
Does 24 divide 94224?
True
Is 476 a factor of 9145102?
False
Is 1362580 a multiple of 34?
False
Does 123 divide 14268?
True
Does 22 divide 6997320?
True
Is 441799 a multiple of 12?
False
Is 336683 a multiple of 16?
False
Is 1235658 a multiple of 13?
False
Does 27 divide 2153493?
True
Is 24 a factor of 28032?
True
Is 93 a factor of 922932?
True
Does 978 divide 696818?
False
Is 7475 a multiple of 355?
False
Does 12 divide 345504?
True
Does 81 divide 349110?
True
Does 28 divide 6581973?
False
Does 16 divide 420320?
True
Does 9 divide 636395?
False
Is 4720231 a multiple of 308?
False
Is 10470942 a multiple of 141?
True
Does 168 divide 2539268?
False
Is 81 a factor of 2500146?
True
Does 9 divide 7777685?
False
Is 19 a factor of 745550?
False
Is 25530 a multiple of 27?
False
Is 285796 a multiple of 59?
True
Does 13 divide 21305219?
True
Is 7 a factor of 16415?
True
Does 24 divide 1606509?
False
Is 236 a factor of 7301813?
False
Is 58892 a multiple of 11?
False
Does 2 divide 76030?
True
Does 174 divide 137286?
True
Does 31 divide 769823?
True
Does 236 divide 142072?
True
Does 132 divide 1217508?
False
Is 523 a factor of 7547936?
True
Is 128 a factor of 304384?
True
Is 6381097 a multiple of 29?
False
Is 52451 a multiple of 127?
True
Does 89 divide 395511?
False
Is 332 a factor of 10559260?
True
Is 805752 a multiple of 279?
True
Does 35 divide 213428?
False
Does 53 divide 345254?
False
Does 207 divide 117990?
True
Is 149538 a multiple of 14?
False
Is 733558 a multiple of 72?
False
Does 25 divide 4901343?
False
Does 242 divide 313580?
False
Does 2 divide 1599482?
True
Does 10 divide 1504519?
False
Is 4429 a multiple of 123?
False
Is 866315 a multiple of 12?
False
Does 6 divide 284670?
True
Does 3 divide 26775?
True
Does 306 divide 3395890?
False
Does 4 divide 84622?
False
Is 1296991 a multiple of 109?
True
Is 28285 a multiple of 3?
False
Is 891856 a multiple of 5?
False
Is 29970 a multiple of 37?
True
Is 27 a factor of 80460?
True
Is 308112 a multiple of 98?
True
Does 7 divide 141623?
False
Is 171 a factor of 469908?
True
Is 2797158 a multiple of 611?
True
Is 9 a factor of 299205?
True
Is 73 a factor of 9681348?
False
Is 154242 a multiple of 261?
False
Does 37 divide 1636602?
False
Is 481030 a multiple of 22?
True
Is 478800 a multiple of 525?
True
Is 387 a factor of 92493?
True
Is 1247655 a multiple of 15?
True
Is 339312 a multiple of 8?
True
Is 89 a factor of 600483?
True
Is 4931672 a multiple of 4?
True
Is 4325002 a multiple of 58?
True
Does 38 divide 189947?
False
Does 12 divide 1872446?
False
Is 5967 a multiple of 8?
False
Does 474 divide 3048768?
True
Does 10 divide 347360?
True
Is 133920 a multiple of 248?
True
Is 6025175 a multiple of 325?
True
Is 278 a factor of 12839114?
False
Is 15 a factor of 74175?
True
Does 816 divide 320688?
True
Is 192 a factor of 429564?
False
Is 49 a factor of 232648?
False
Is 26640523 a multiple of 84?
False
Is 2 a factor of 91624?
True
Is 962750 a multiple of 14?
False
Does 165 divide 1125630?
True
Is 182391 a multiple of 95?
False
Is 4505